{"id":1005,"date":"2025-10-10T15:15:44","date_gmt":"2025-10-10T15:15:44","guid":{"rendered":"https:\/\/savonnerie-frimousse.fr\/?post_type=product&#038;p=1005"},"modified":"2025-10-25T13:47:54","modified_gmt":"2025-10-25T13:47:54","slug":"le-ptit-mousse","status":"publish","type":"product","link":"https:\/\/savonnerie-frimousse.fr\/index.php\/produit\/le-ptit-mousse\/","title":{"rendered":"LE P&rsquo;TIT MOUSSE"},"content":{"rendered":"<p>Le P&rsquo;tit Mousse est notre <strong>savon maison pour vos bambins.<\/strong><br \/>\n<i class=\"fas fa-bottle-droplet\"><\/i> Riche en <strong>huile d&rsquo;olive et en huile de coco<\/strong>, il nourrit et prot\u00e8ge la peau. Le <strong>beurre de karit\u00e9<\/strong> apporte nutrition et confort.<br \/>\n<i class=\"fas fa-hand-sparkles\"><\/i> <strong>Sans huile essentielle<\/strong>, il est id\u00e9al pour le nettoyage en profondeur des peaux sensibles et s\u00e8ches, sans les agresser. Sa mousse l\u00e9g\u00e8re lave en douceur, sans dess\u00e9cher.<br \/>\n<i class=\"fas fa-people-roof\"><\/i> Parfait pour les enfants, b\u00e9b\u00e9s et peaux fragiles.<\/p>\n<p><i class=\"fas fa-weight-scale\"><\/i> Poids : 100 grammes<\/p>\n<h3>Composition<\/h3>\n<p>Huile d&rsquo;olive, Huile de coco, beurre de karit\u00e9.<\/p>\n<p>Tous les produits sont issus de l&rsquo;Agriculture Biologique.<\/p>\n<p>Fabrication artisanale par <a href=\"https:\/\/savonnerie-frimousse.fr\/index.php\/la-saponification-a-froid\/\">saponification \u00e0 froid<\/a>.<\/p>\n<p>&nbsp;<\/p>\n","protected":false},"excerpt":{"rendered":"<p>Le savons pour les enfants (et les grands enfants).<span class=\"more-link theme-more-link\"><a href=\"https:\/\/savonnerie-frimousse.fr\/index.php\/produit\/le-ptit-mousse\/\">Continue Reading<\/a><\/span><\/p>\n","protected":false},"featured_media":1054,"comment_status":"open","ping_status":"closed","template":"","meta":[],"product_brand":[],"product_cat":[32],"product_tag":[],"class_list":{"0":"entry","1":"author-admin3917","2":"has-excerpt","3":"post-1005","4":"product","5":"type-product","6":"status-publish","7":"has-post-thumbnail","8":"product_cat-savons","10":"first","11":"instock","12":"shipping-taxable","13":"purchasable","14":"product-type-simple"},"_links":{"self":[{"href":"https:\/\/savonnerie-frimousse.fr\/index.php\/wp-json\/wp\/v2\/product\/1005","targetHints":{"allow":["GET"]}}],"collection":[{"href":"https:\/\/savonnerie-frimousse.fr\/index.php\/wp-json\/wp\/v2\/product"}],"about":[{"href":"https:\/\/savonnerie-frimousse.fr\/index.php\/wp-json\/wp\/v2\/types\/product"}],"replies":[{"embeddable":true,"href":"https:\/\/savonnerie-frimousse.fr\/index.php\/wp-json\/wp\/v2\/comments?post=1005"}],"wp:featuredmedia":[{"embeddable":true,"href":"https:\/\/savonnerie-frimousse.fr\/index.php\/wp-json\/wp\/v2\/media\/1054"}],"wp:attachment":[{"href":"https:\/\/savonnerie-frimousse.fr\/index.php\/wp-json\/wp\/v2\/media?parent=1005"}],"wp:term":[{"taxonomy":"product_brand","embeddable":true,"href":"https:\/\/savonnerie-frimousse.fr\/index.php\/wp-json\/wp\/v2\/product_brand?post=1005"},{"taxonomy":"product_cat","embeddable":true,"href":"https:\/\/savonnerie-frimousse.fr\/index.php\/wp-json\/wp\/v2\/product_cat?post=1005"},{"taxonomy":"product_tag","embeddable":true,"href":"https:\/\/savonnerie-frimousse.fr\/index.php\/wp-json\/wp\/v2\/product_tag?post=1005"}],"curies":[{"name":"wp","href":"https:\/\/api.w.org\/{rel}","templated":true}]}}